CRAN Package Check Results for Package frailtypack

Last updated on 2019-10-31 00:50:55 CET.

Flavor Version Tinstall Tcheck Ttotal Status Flags
r-devel-linux-x86_64-debian-clang 3.0.3.2 185.75 189.11 374.86 OK
r-devel-linux-x86_64-debian-gcc 3.0.3.2 160.58 141.94 302.52 OK
r-devel-linux-x86_64-fedora-clang 3.0.3.2.1 246.92 NOTE
r-devel-linux-x86_64-fedora-gcc 3.0.3.2.1 510.51 NOTE
r-devel-windows-ix86+x86_64 3.0.3.2 491.00 311.00 802.00 NOTE
r-patched-linux-x86_64 3.0.3.2 168.73 182.06 350.79 OK
r-patched-solaris-x86 3.0.3.2 869.20 NOTE
r-release-linux-x86_64 3.0.3.2 169.16 182.36 351.52 OK
r-release-windows-ix86+x86_64 3.0.3.2 497.00 315.00 812.00 NOTE
r-release-osx-x86_64 3.0.3.2 NOTE
r-oldrel-windows-ix86+x86_64 3.0.3.2 483.00 273.00 756.00 NOTE
r-oldrel-osx-x86_64 3.0.3.2 NOTE

Additional issues

LTO

Check Details

Version: 3.0.3.2.1
Check: installed package size
Result: NOTE
     installed size is 9.4Mb
     sub-directories of 1Mb or more:
     help 1.6Mb
     libs 5.6Mb
Flavor: r-devel-linux-x86_64-fedora-clang

Version: 3.0.3.2.1
Check: DESCRIPTION meta-information
Result: NOTE
    Dependence on R version ‘3.6.2’ not with patchlevel 0
Flavors: r-devel-linux-x86_64-fedora-clang, r-devel-linux-x86_64-fedora-gcc

Version: 3.0.3.2
Check: installed package size
Result: NOTE
     installed size is 8.6Mb
     sub-directories of 1Mb or more:
     help 1.6Mb
     libs 5.0Mb
Flavors: r-devel-windows-ix86+x86_64, r-patched-solaris-x86, r-release-windows-ix86+x86_64, r-release-osx-x86_64, r-oldrel-windows-ix86+x86_64, r-oldrel-osx-x86_64