CRAN Package Check Results for Package ftDK

Last updated on 2019-10-31 00:50:55 CET.

Flavor Version Tinstall Tcheck Ttotal Status Flags
r-devel-linux-x86_64-debian-clang 1.0 1.83 17.32 19.15 OK
r-devel-linux-x86_64-debian-gcc 1.0 1.31 13.84 15.15 OK
r-devel-linux-x86_64-fedora-clang 1.0 23.70 NOTE
r-devel-linux-x86_64-fedora-gcc 1.0 23.18 NOTE
r-devel-windows-ix86+x86_64 1.0 9.00 41.00 50.00 OK
r-patched-linux-x86_64 1.0 1.33 16.70 18.03 OK
r-patched-solaris-x86 1.0 35.70 NOTE
r-release-linux-x86_64 1.0 1.34 16.55 17.89 OK
r-release-windows-ix86+x86_64 1.0 7.00 29.00 36.00 OK
r-release-osx-x86_64 1.0 NOTE
r-oldrel-windows-ix86+x86_64 1.0 3.00 38.00 41.00 OK
r-oldrel-osx-x86_64 1.0 NOTE

Check Details

Version: 1.0
Check: data for non-ASCII characters
Result: NOTE
     Note: found 39 marked UTF-8 strings
Flavors: r-devel-linux-x86_64-fedora-clang, r-devel-linux-x86_64-fedora-gcc, r-patched-solaris-x86, r-release-osx-x86_64, r-oldrel-osx-x86_64