CRAN Package Check Results for Package fusionclust

Last updated on 2019-10-31 00:50:55 CET.

Flavor Version Tinstall Tcheck Ttotal Status Flags
r-devel-linux-x86_64-debian-clang 1.0.0 2.74 34.68 37.42 OK
r-devel-linux-x86_64-debian-gcc 1.0.0 2.37 27.23 29.60 OK
r-devel-linux-x86_64-fedora-clang 1.0.0 45.73 OK
r-devel-linux-x86_64-fedora-gcc 1.0.0 44.96 OK
r-devel-windows-ix86+x86_64 1.0.0 9.00 66.00 75.00 OK
r-patched-linux-x86_64 1.0.0 2.20 32.84 35.04 NOTE
r-patched-solaris-x86 1.0.0 71.90 OK
r-release-linux-x86_64 1.0.0 2.40 33.15 35.55 NOTE
r-release-windows-ix86+x86_64 1.0.0 8.00 43.00 51.00 OK
r-release-osx-x86_64 1.0.0 OK
r-oldrel-windows-ix86+x86_64 1.0.0 2.00 58.00 60.00 OK
r-oldrel-osx-x86_64 1.0.0 OK

Check Details

Version: 1.0.0
Check: DESCRIPTION meta-information
Result: NOTE
    Dependence on R version ‘3.4.1’ not with patchlevel 0
Flavors: r-patched-linux-x86_64, r-release-linux-x86_64