Last updated on 2019-10-31 00:50:55 CET.
Flavor | Version | Tinstall | Tcheck | Ttotal | Status | Flags |
---|---|---|---|---|---|---|
r-devel-linux-x86_64-debian-clang | 1.5.5 | 685.29 | 105.83 | 791.12 | OK | |
r-devel-linux-x86_64-debian-gcc | 1.5.5 | 548.47 | 94.26 | 642.73 | OK | |
r-devel-linux-x86_64-fedora-clang | 1.5.5 | 1157.11 | NOTE | |||
r-devel-linux-x86_64-fedora-gcc | 1.5.5 | 1136.98 | OK | |||
r-devel-windows-ix86+x86_64 | 1.5.5 | 1499.00 | 176.00 | 1675.00 | NOTE | |
r-patched-linux-x86_64 | 1.5.5 | 591.12 | 117.38 | 708.50 | OK | |
r-patched-solaris-x86 | 1.5.5 | 939.30 | NOTE | |||
r-release-linux-x86_64 | 1.5.5 | 596.28 | 116.06 | 712.34 | OK | |
r-release-windows-ix86+x86_64 | 1.5.5 | 1509.00 | 159.00 | 1668.00 | NOTE | |
r-release-osx-x86_64 | 1.5.5 | NOTE | ||||
r-oldrel-windows-ix86+x86_64 | 1.5.5 | 1073.00 | 194.00 | 1267.00 | NOTE | |
r-oldrel-osx-x86_64 | 1.5.5 | NOTE |
Version: 1.5.5
Check: installed package size
Result: NOTE
installed size is 75.7Mb
sub-directories of 1Mb or more:
extdata 1.6Mb
libs 72.4Mb
Flavors: r-devel-linux-x86_64-fedora-clang, r-devel-windows-ix86+x86_64, r-patched-solaris-x86, r-release-windows-ix86+x86_64, r-release-osx-x86_64, r-oldrel-windows-ix86+x86_64, r-oldrel-osx-x86_64