Last updated on 2019-10-31 00:50:55 CET.
Flavor | Version | Tinstall | Tcheck | Ttotal | Status | Flags |
---|---|---|---|---|---|---|
r-devel-linux-x86_64-debian-clang | 1.0.0 | 5.41 | 41.27 | 46.68 | OK | |
r-devel-linux-x86_64-debian-gcc | 1.0.0 | 4.09 | 31.56 | 35.65 | OK | |
r-devel-linux-x86_64-fedora-clang | 1.0.0 | 55.54 | OK | |||
r-devel-linux-x86_64-fedora-gcc | 1.0.0 | 54.51 | OK | |||
r-devel-windows-ix86+x86_64 | 1.0.0 | 20.00 | 70.00 | 90.00 | OK | |
r-patched-linux-x86_64 | 1.0.0 | 4.84 | 39.09 | 43.93 | OK | |
r-patched-solaris-x86 | 1.0.0 | 109.40 | OK | |||
r-release-linux-x86_64 | 1.0.0 | 3.98 | 38.93 | 42.91 | OK | |
r-release-windows-ix86+x86_64 | 1.0.0 | 17.00 | 65.00 | 82.00 | OK | |
r-release-osx-x86_64 | 1.0.0 | FAIL | ||||
r-oldrel-windows-ix86+x86_64 | 1.0.0 | 8.00 | 82.00 | 90.00 | OK | |
r-oldrel-osx-x86_64 | 1.0.0 | OK |
Version: 1.0.0
Check: dependencies in R code
Result: FAIL
Flavor: r-release-osx-x86_64