Last updated on 2019-10-31 00:50:55 CET.
Flavor | Version | Tinstall | Tcheck | Ttotal | Status | Flags |
---|---|---|---|---|---|---|
r-devel-linux-x86_64-debian-clang | 0.0.1.8 | 10.63 | 86.09 | 96.72 | NOTE | |
r-devel-linux-x86_64-debian-gcc | 0.0.1.8 | 8.12 | 65.14 | 73.26 | NOTE | |
r-devel-linux-x86_64-fedora-clang | 0.0.1.8 | 113.12 | NOTE | |||
r-devel-linux-x86_64-fedora-gcc | 0.0.1.8 | 114.62 | NOTE | |||
r-devel-windows-ix86+x86_64 | 0.0.1.8 | 29.00 | 131.00 | 160.00 | NOTE | |
r-patched-linux-x86_64 | 0.0.1.8 | 10.11 | 81.76 | 91.87 | OK | |
r-patched-solaris-x86 | 0.0.1.8 | 168.60 | NOTE | |||
r-release-linux-x86_64 | 0.0.1.8 | 9.34 | 80.55 | 89.89 | OK | |
r-release-windows-ix86+x86_64 | 0.0.1.8 | 26.00 | 134.00 | 160.00 | OK | |
r-release-osx-x86_64 | 0.0.1.8 | NOTE | ||||
r-oldrel-windows-ix86+x86_64 | 0.0.1.8 | 12.00 | 121.00 | 133.00 | OK | |
r-oldrel-osx-x86_64 | 0.0.1.8 | NOTE |
Version: 0.0.1.8
Check: package vignettes
Result: NOTE
Package vignette with placeholder title 'Vignette Title':
'genotypeR.Rmd'
Flavors: r-devel-linux-x86_64-debian-clang, r-devel-linux-x86_64-debian-gcc, r-devel-windows-ix86+x86_64
Version: 0.0.1.8
Check: for non-standard things in the check directory
Result: NOTE
Found the following files/directories:
'test.csv' 'test_temp_cross.csv'
Flavors: r-devel-linux-x86_64-debian-clang, r-devel-linux-x86_64-debian-gcc, r-devel-linux-x86_64-fedora-clang, r-devel-linux-x86_64-fedora-gcc
Version: 0.0.1.8
Check: dependencies in R code
Result: NOTE
Namespace in Imports field not imported from: ‘colorspace’
All declared Imports should be used.
Flavors: r-devel-linux-x86_64-fedora-clang, r-devel-linux-x86_64-fedora-gcc, r-patched-solaris-x86, r-release-osx-x86_64, r-oldrel-osx-x86_64