CRAN Package Check Results for Package geoviz

Last updated on 2019-10-31 00:50:55 CET.

Flavor Version Tinstall Tcheck Ttotal Status Flags
r-devel-linux-x86_64-debian-clang 0.2.1 3.55 86.64 90.19 NOTE
r-devel-linux-x86_64-debian-gcc 0.2.1 2.67 67.92 70.59 NOTE
r-devel-linux-x86_64-fedora-clang 0.2.1 106.75 NOTE
r-devel-linux-x86_64-fedora-gcc 0.2.1 105.73 NOTE
r-devel-windows-ix86+x86_64 0.2.1 11.00 135.00 146.00 OK
r-patched-linux-x86_64 0.2.1 2.90 82.24 85.14 OK
r-patched-solaris-x86 0.2.1 185.40 OK
r-release-linux-x86_64 0.2.1 2.85 82.47 85.32 OK
r-release-windows-ix86+x86_64 0.2.1 10.00 103.00 113.00 OK
r-release-osx-x86_64 0.2.1 OK
r-oldrel-windows-ix86+x86_64 0.2.1 4.00 125.00 129.00 OK
r-oldrel-osx-x86_64 0.2.1 OK

Check Details

Version: 0.2.1
Check: for non-standard things in the check directory
Result: NOTE
    Found the following files/directories:
     'mosaic_out.grd' 'mosaic_out.gri'
Flavors: r-devel-linux-x86_64-debian-clang, r-devel-linux-x86_64-debian-gcc, r-devel-linux-x86_64-fedora-clang, r-devel-linux-x86_64-fedora-gcc