Last updated on 2019-10-31 00:50:55 CET.
Flavor | Version | Tinstall | Tcheck | Ttotal | Status | Flags |
---|---|---|---|---|---|---|
r-devel-linux-x86_64-debian-clang | 0.1.3 | 3.84 | 36.76 | 40.60 | OK | |
r-devel-linux-x86_64-debian-gcc | 0.1.3 | 2.98 | 27.99 | 30.97 | OK | |
r-devel-linux-x86_64-fedora-clang | 0.1.3 | 47.46 | OK | |||
r-devel-linux-x86_64-fedora-gcc | 0.1.3 | 45.76 | OK | |||
r-devel-windows-ix86+x86_64 | 0.1.3 | 16.00 | 64.00 | 80.00 | OK | |
r-patched-linux-x86_64 | 0.1.3 | 3.32 | 35.68 | 39.00 | OK | |
r-patched-solaris-x86 | 0.1.3 | 68.00 | OK | |||
r-release-linux-x86_64 | 0.1.3 | 3.24 | 34.91 | 38.15 | OK | |
r-release-windows-ix86+x86_64 | 0.1.3 | 12.00 | 47.00 | 59.00 | OK | |
r-release-osx-x86_64 | 0.1.3 | OK | ||||
r-oldrel-windows-ix86+x86_64 | 0.1.3 | 5.00 | 73.00 | 78.00 | WARN | |
r-oldrel-osx-x86_64 | 0.1.3 | OK |
Version: 0.1.3
Check: whether package can be installed
Result: WARN
Found the following significant warnings:
Warning: S3 methods '[.fun_list', '[.grouped_df', 'all.equal.tbl_df', 'anti_join.data.frame', 'anti_join.tbl_df', 'arrange.data.frame', 'arrange.default', 'arrange.grouped_df', 'arrange.tbl_df', 'arrange_.data.frame', 'arrange_.tbl_df', 'as.data.frame.grouped_df', 'as.data.frame.rowwise_df', 'as.data.frame.tbl_cube', 'as.table.tbl_cube', 'as.tbl.data.frame', 'as.tbl.tbl', 'as.tbl_cube.array', 'as.tbl_cube.data.frame', 'as.tbl_cube.matrix', 'as.tbl_cube.table', 'as_tibble.grouped_df', 'as_tibble.tbl_cube', 'auto_copy.tbl_cube', 'auto_copy.tbl_df', 'cbind.grouped_df', 'collapse.data.frame', 'collect.data.frame', 'common_by.NULL', 'common_by.character', 'common_by.default', 'common_by.list', 'compute.data.frame', 'copy_to.DBIConnection', 'copy_to.src_local', 'default_missing.data.frame', 'default_missing.default', 'dim.tbl_cube', 'distinct.data.frame', 'distinct.default', 'distinct.grouped_df', 'distinct.tbl_df', 'distinct_.data.frame', 'distinct_.grouped_df', 'distinct_.tbl_df', 'do.NULL', 'do.da [... truncated]
Flavor: r-oldrel-windows-ix86+x86_64