CRAN Package Check Results for Package ggedit

Last updated on 2019-10-31 00:50:55 CET.

Flavor Version Tinstall Tcheck Ttotal Status Flags
r-devel-linux-x86_64-debian-clang 0.3.0 9.49 68.94 78.43 OK
r-devel-linux-x86_64-debian-gcc 0.3.0 7.19 52.47 59.66 OK
r-devel-linux-x86_64-fedora-clang 0.3.0 90.51 NOTE
r-devel-linux-x86_64-fedora-gcc 0.3.0 89.55 NOTE
r-devel-windows-ix86+x86_64 0.3.0 41.00 113.00 154.00 OK
r-patched-linux-x86_64 0.3.0 8.56 66.08 74.64 OK
r-patched-solaris-x86 0.3.0 122.30 NOTE
r-release-linux-x86_64 0.3.0 8.03 66.39 74.42 OK
r-release-windows-ix86+x86_64 0.3.0 34.00 80.00 114.00 OK
r-release-osx-x86_64 0.3.0 NOTE
r-oldrel-windows-ix86+x86_64 0.3.0 11.00 112.00 123.00 OK
r-oldrel-osx-x86_64 0.3.0 NOTE

Check Details

Version: 0.3.0
Check: dependencies in R code
Result: NOTE
    Namespace in Imports field not imported from: ‘magrittr’
     All declared Imports should be used.
Flavors: r-devel-linux-x86_64-fedora-clang, r-devel-linux-x86_64-fedora-gcc, r-patched-solaris-x86, r-release-osx-x86_64, r-oldrel-osx-x86_64