CRAN Package Check Results for Package ggfortify

Last updated on 2019-10-31 00:50:55 CET.

Flavor Version Tinstall Tcheck Ttotal Status Flags
r-devel-linux-x86_64-debian-clang 0.4.7 11.97 220.17 232.14 OK
r-devel-linux-x86_64-debian-gcc 0.4.7 10.83 157.02 167.85 OK
r-devel-linux-x86_64-fedora-clang 0.4.7 259.53 OK
r-devel-linux-x86_64-fedora-gcc 0.4.7 260.67 OK
r-devel-windows-ix86+x86_64 0.4.7 46.00 307.00 353.00 OK
r-patched-linux-x86_64 0.4.7 12.14 202.87 215.01 OK
r-patched-solaris-x86 0.4.7 354.00 OK
r-release-linux-x86_64 0.4.7 10.90 207.02 217.92 OK
r-release-windows-ix86+x86_64 0.4.7 33.00 233.00 266.00 OK
r-release-osx-x86_64 0.4.7 OK
r-oldrel-windows-ix86+x86_64 0.4.7 18.00 280.00 298.00 ERROR
r-oldrel-osx-x86_64 0.4.7 OK

Check Details

Version: 0.4.7
Check: tests
Result: ERROR
     Running 'test-all.R' [37s]
    Running the tests in 'tests/test-all.R' failed.
    Complete output:
     > library(testthat)
     >
     > suppressWarnings(RNGversion("3.5.0"))
     >
     > test_check('ggfortify')
     Loading required package: ggfortify
     Loading required package: ggplot2
     -- 1. Error: fortify.MSwM works for sample data (@test-MSwM.R#8) --------------
     Lapack routine dgesv: system is exactly singular: U[3,3] = 0
     1: MSwM::msmFit(lm(Data ~ . - 1, data = d), k = 2, sw = rep(TRUE, 2), control = list(parallelization = FALSE)) at testthat/test-MSwM.R:8
     2: MSwM::msmFit(lm(Data ~ . - 1, data = d), k = 2, sw = rep(TRUE, 2), control = list(parallelization = FALSE))
     3: em(ans, control)
     4: em(ans, control)
     5: hessian(object)
     6: hessian(object)
     7: diag(solve(res$Hessian))
     8: solve(res$Hessian)
     9: solve.default(res$Hessian)
    
     == testthat results ===========================================================
     [ OK: 734 | SKIPPED: 47 | WARNINGS: 0 | FAILED: 1 ]
     1. Error: fortify.MSwM works for sample data (@test-MSwM.R#8)
    
     Error: testthat unit tests failed
     Execution halted
Flavor: r-oldrel-windows-ix86+x86_64