CRAN Package Check Results for Package ggtern

Last updated on 2019-10-31 00:50:56 CET.

Flavor Version Tinstall Tcheck Ttotal Status Flags
r-devel-linux-x86_64-debian-clang 3.1.0 13.26 122.74 136.00 OK
r-devel-linux-x86_64-debian-gcc 3.1.0 11.93 90.22 102.15 OK
r-devel-linux-x86_64-fedora-clang 3.1.0 155.82 OK
r-devel-linux-x86_64-fedora-gcc 3.1.0 154.18 OK
r-devel-windows-ix86+x86_64 3.1.0 47.00 176.00 223.00 OK
r-patched-linux-x86_64 3.1.0 12.83 114.96 127.79 OK
r-patched-solaris-x86 3.1.0 199.80 OK
r-release-linux-x86_64 3.1.0 13.39 114.62 128.01 OK
r-release-windows-ix86+x86_64 3.1.0 35.00 174.00 209.00 OK
r-release-osx-x86_64 3.1.0 OK
r-oldrel-windows-ix86+x86_64 3.1.0 15.00 163.00 178.00 WARN
r-oldrel-osx-x86_64 3.1.0 OK

Check Details

Version: 3.1.0
Check: whether package can be installed
Result: WARN
    Found the following significant warnings:
     Warning: S3 methods '[.fun_list', '[.grouped_df', 'all.equal.tbl_df', 'anti_join.data.frame', 'anti_join.tbl_df', 'arrange.data.frame', 'arrange.default', 'arrange.grouped_df', 'arrange.tbl_df', 'arrange_.data.frame', 'arrange_.tbl_df', 'as.data.frame.grouped_df', 'as.data.frame.rowwise_df', 'as.data.frame.tbl_cube', 'as.table.tbl_cube', 'as.tbl.data.frame', 'as.tbl.tbl', 'as.tbl_cube.array', 'as.tbl_cube.data.frame', 'as.tbl_cube.matrix', 'as.tbl_cube.table', 'as_tibble.grouped_df', 'as_tibble.tbl_cube', 'auto_copy.tbl_cube', 'auto_copy.tbl_df', 'cbind.grouped_df', 'collapse.data.frame', 'collect.data.frame', 'common_by.NULL', 'common_by.character', 'common_by.default', 'common_by.list', 'compute.data.frame', 'copy_to.DBIConnection', 'copy_to.src_local', 'default_missing.data.frame', 'default_missing.default', 'dim.tbl_cube', 'distinct.data.frame', 'distinct.default', 'distinct.grouped_df', 'distinct.tbl_df', 'distinct_.data.frame', 'distinct_.grouped_df', 'distinct_.tbl_df', 'do.NULL', 'do.da [... truncated]
Flavor: r-oldrel-windows-ix86+x86_64