CRAN Package Check Results for Package glmBfp

Last updated on 2019-10-31 00:50:56 CET.

Flavor Version Tinstall Tcheck Ttotal Status Flags
r-devel-linux-x86_64-debian-clang 0.0-51 244.02 106.97 350.99 OK
r-devel-linux-x86_64-debian-gcc 0.0-51 182.02 82.05 264.07 OK
r-devel-linux-x86_64-fedora-clang 0.0-51 481.10 NOTE
r-devel-linux-x86_64-fedora-gcc 0.0-51 470.28 OK
r-devel-windows-ix86+x86_64 0.0-51 622.00 216.00 838.00 OK
r-patched-linux-x86_64 0.0-51 194.28 101.80 296.08 OK
r-patched-solaris-x86 0.0-51 481.00 OK
r-release-linux-x86_64 0.0-51 193.49 103.67 297.16 OK
r-release-windows-ix86+x86_64 0.0-51 620.00 151.00 771.00 OK
r-release-osx-x86_64 0.0-51 NOTE
r-oldrel-windows-ix86+x86_64 0.0-51 648.00 203.00 851.00 OK
r-oldrel-osx-x86_64 0.0-51 NOTE

Additional issues

LTO

Check Details

Version: 0.0-51
Check: installed package size
Result: NOTE
     installed size is 9.0Mb
     sub-directories of 1Mb or more:
     libs 8.2Mb
Flavors: r-devel-linux-x86_64-fedora-clang, r-release-osx-x86_64, r-oldrel-osx-x86_64