CRAN Package Check Results for Package glmm

Last updated on 2019-10-31 00:50:56 CET.

Flavor Version Tinstall Tcheck Ttotal Status Flags
r-devel-linux-x86_64-debian-clang 1.3.0 11.10 442.57 453.67 OK
r-devel-linux-x86_64-debian-gcc 1.3.0 8.54 355.69 364.23 OK
r-devel-linux-x86_64-fedora-clang 1.3.0 548.16 OK
r-devel-linux-x86_64-fedora-gcc 1.3.0 552.73 OK
r-devel-windows-ix86+x86_64 1.3.0 40.00 1266.00 1306.00 OK
r-patched-linux-x86_64 1.3.0 8.62 439.59 448.21 OK
r-patched-solaris-x86 1.3.0 2361.20 OK
r-release-linux-x86_64 1.3.0 8.62 438.77 447.39 OK
r-release-windows-ix86+x86_64 1.3.0 37.00 1011.00 1048.00 OK
r-release-osx-x86_64 1.3.0 FAIL
r-oldrel-windows-ix86+x86_64 1.3.0 22.00 1311.00 1333.00 OK
r-oldrel-osx-x86_64 1.3.0 OK

Check Details

Version: 1.3.0
Check: re-building of vignette outputs
Result: WARN
    Error(s) in re-building vignettes:
     ...
    --- re-building ‘intro.Rnw’ using knitr
    --- finished re-building ‘intro.Rnw’
    
    --- re-building ‘parallel.Rnw’ using knitr
    
    Execution halted
    SUMMARY: processing the following file failed:
     ‘parallel.Rnw’
    
    Error: Vignette re-building failed.
    Execution halted
Flavor: r-release-osx-x86_64

Version: 1.3.0
Check: PDF version of manual
Result: FAIL
    
Flavor: r-release-osx-x86_64