CRAN Package Check Results for Package glmmTMB

Last updated on 2019-10-31 00:50:56 CET.

Flavor Version Tinstall Tcheck Ttotal Status Flags
r-devel-linux-x86_64-debian-clang 0.2.3 159.27 304.85 464.12 OK
r-devel-linux-x86_64-debian-gcc 0.2.3 154.31 240.83 395.14 OK
r-devel-linux-x86_64-fedora-clang 0.2.3 656.18 NOTE
r-devel-linux-x86_64-fedora-gcc 0.2.3 640.36 OK
r-devel-windows-ix86+x86_64 0.2.3 311.00 549.00 860.00 NOTE --no-vignettes
r-patched-linux-x86_64 0.2.3 151.43 305.92 457.35 OK
r-patched-solaris-x86 0.2.3 772.20 OK
r-release-linux-x86_64 0.2.3 147.77 309.63 457.40 OK
r-release-windows-ix86+x86_64 0.2.3 302.00 556.00 858.00 NOTE --no-vignettes
r-release-osx-x86_64 0.2.3 NOTE
r-oldrel-windows-ix86+x86_64 0.2.3 218.00 426.00 644.00 NOTE --no-vignettes
r-oldrel-osx-x86_64 0.2.3 NOTE

Check Details

Version: 0.2.3
Check: installed package size
Result: NOTE
     installed size is 45.3Mb
     sub-directories of 1Mb or more:
     doc 1.1Mb
     libs 43.0Mb
Flavors: r-devel-linux-x86_64-fedora-clang, r-release-osx-x86_64, r-oldrel-osx-x86_64

Version: 0.2.3
Flags: --no-vignettes
Check: installed package size
Result: NOTE
     installed size is 23.5Mb
     sub-directories of 1Mb or more:
     doc 1.0Mb
     libs 21.2Mb
Flavors: r-devel-windows-ix86+x86_64, r-release-windows-ix86+x86_64, r-oldrel-windows-ix86+x86_64