Last updated on 2019-10-31 00:50:56 CET.
Flavor | Version | Tinstall | Tcheck | Ttotal | Status | Flags |
---|---|---|---|---|---|---|
r-devel-linux-x86_64-debian-clang | 0.1.3 | 144.22 | 90.97 | 235.19 | NOTE | |
r-devel-linux-x86_64-debian-gcc | 0.1.3 | 139.33 | 72.19 | 211.52 | NOTE | |
r-devel-linux-x86_64-fedora-clang | 0.1.3 | 303.41 | NOTE | |||
r-devel-linux-x86_64-fedora-gcc | 0.1.3 | 353.79 | NOTE | |||
r-devel-windows-ix86+x86_64 | 0.1.3 | 296.00 | 202.00 | 498.00 | NOTE | |
r-patched-linux-x86_64 | 0.1.3 | 137.32 | 89.05 | 226.37 | NOTE | |
r-patched-solaris-x86 | 0.1.3 | 322.80 | NOTE | |||
r-release-linux-x86_64 | 0.1.3 | 139.61 | 89.69 | 229.30 | NOTE | |
r-release-windows-ix86+x86_64 | 0.1.3 | 310.00 | 154.00 | 464.00 | NOTE | |
r-release-osx-x86_64 | 0.1.3 | NOTE | ||||
r-oldrel-windows-ix86+x86_64 | 0.1.3 | 212.00 | 202.00 | 414.00 | NOTE | |
r-oldrel-osx-x86_64 | 0.1.3 | NOTE |
Version: 0.1.3
Check: for GNU extensions in Makefiles
Result: NOTE
GNU make is a SystemRequirements.
Flavors: r-devel-linux-x86_64-debian-clang, r-devel-linux-x86_64-debian-gcc, r-devel-linux-x86_64-fedora-clang, r-devel-linux-x86_64-fedora-gcc, r-devel-windows-ix86+x86_64, r-patched-linux-x86_64, r-patched-solaris-x86, r-release-linux-x86_64, r-release-windows-ix86+x86_64, r-release-osx-x86_64, r-oldrel-windows-ix86+x86_64, r-oldrel-osx-x86_64
Version: 0.1.3
Check: installed package size
Result: NOTE
installed size is 38.5Mb
sub-directories of 1Mb or more:
libs 37.9Mb
Flavors: r-devel-linux-x86_64-fedora-clang, r-release-osx-x86_64, r-oldrel-osx-x86_64