Last updated on 2019-10-31 00:50:56 CET.
Flavor | Version | Tinstall | Tcheck | Ttotal | Status | Flags |
---|---|---|---|---|---|---|
r-devel-linux-x86_64-debian-clang | 3.8.1 | 4.29 | 106.38 | 110.67 | NOTE | |
r-devel-linux-x86_64-debian-gcc | 3.8.1 | 3.10 | 79.38 | 82.48 | NOTE | |
r-devel-linux-x86_64-fedora-clang | 3.8.1 | 126.27 | NOTE | |||
r-devel-linux-x86_64-fedora-gcc | 3.8.1 | 120.55 | NOTE | |||
r-devel-windows-ix86+x86_64 | 3.8.1 | 24.00 | 97.00 | 121.00 | NOTE | |
r-patched-linux-x86_64 | 3.8.1 | 3.99 | 102.58 | 106.57 | NOTE | |
r-patched-solaris-x86 | 3.8.1 | 74.30 | NOTE | |||
r-release-linux-x86_64 | 3.8.1 | 3.31 | 104.53 | 107.84 | NOTE | |
r-release-windows-ix86+x86_64 | 3.8.1 | 11.00 | 96.00 | 107.00 | NOTE | |
r-release-osx-x86_64 | 3.8.1 | NOTE | ||||
r-oldrel-windows-ix86+x86_64 | 3.8.1 | 12.00 | 64.00 | 76.00 | NOTE | |
r-oldrel-osx-x86_64 | 3.8.1 | NOTE |
Version: 3.8.1
Check: R code for possible problems
Result: NOTE
Found the following possibly unsafe calls:
File 'gtools/R/unByteCode.R':
unlockBinding(name, env = env)
Flavors: r-devel-linux-x86_64-debian-clang, r-devel-linux-x86_64-debian-gcc, r-devel-linux-x86_64-fedora-clang, r-devel-linux-x86_64-fedora-gcc, r-devel-windows-ix86+x86_64, r-patched-linux-x86_64, r-patched-solaris-x86, r-release-linux-x86_64, r-release-windows-ix86+x86_64, r-release-osx-x86_64, r-oldrel-windows-ix86+x86_64, r-oldrel-osx-x86_64