CRAN Package Check Results for Package h5

Last updated on 2019-10-31 00:50:56 CET.

Flavor Version Tinstall Tcheck Ttotal Status Flags
r-devel-linux-x86_64-debian-clang 0.9.9 59.33 58.01 117.34 NOTE
r-devel-linux-x86_64-debian-gcc 0.9.9 43.49 46.65 90.14 NOTE
r-devel-linux-x86_64-fedora-clang 0.9.9 164.66 NOTE
r-devel-linux-x86_64-fedora-gcc 0.9.9 151.65 NOTE
r-devel-windows-ix86+x86_64 0.9.9 176.00 137.00 313.00 NOTE
r-patched-linux-x86_64 0.9.9 48.09 56.09 104.18 OK
r-release-linux-x86_64 0.9.9 45.22 56.34 101.56 OK
r-release-windows-ix86+x86_64 0.9.9 158.00 123.00 281.00 NOTE
r-release-osx-x86_64 0.9.9 ERROR
r-oldrel-windows-ix86+x86_64 0.9.9 112.00 157.00 269.00 NOTE
r-oldrel-osx-x86_64 0.9.9 ERROR

Additional issues

clang-UBSAN gcc-UBSAN

Check Details

Version: 0.9.9
Check: for non-standard things in the check directory
Result: NOTE
    Found the following files/directories:
     'test.h5' 'test1.h5' 'test2.h5'
Flavors: r-devel-linux-x86_64-debian-clang, r-devel-linux-x86_64-debian-gcc, r-devel-linux-x86_64-fedora-clang, r-devel-linux-x86_64-fedora-gcc

Version: 0.9.9
Check: installed package size
Result: NOTE
     installed size is 10.5Mb
     sub-directories of 1Mb or more:
     libs 9.6Mb
Flavors: r-devel-windows-ix86+x86_64, r-release-windows-ix86+x86_64, r-oldrel-windows-ix86+x86_64

Version: 0.9.9
Check: whether package can be installed
Result: ERROR
    Installation failed.
Flavors: r-release-osx-x86_64, r-oldrel-osx-x86_64