Last updated on 2019-10-31 00:50:56 CET.
Flavor | Version | Tinstall | Tcheck | Ttotal | Status | Flags |
---|---|---|---|---|---|---|
r-devel-linux-x86_64-debian-clang | 1.0.1 | 28.85 | 118.35 | 147.20 | NOTE | |
r-devel-linux-x86_64-debian-gcc | 1.0.1 | 25.46 | 87.64 | 113.10 | NOTE | |
r-devel-linux-x86_64-fedora-clang | 1.0.1 | 180.76 | NOTE | |||
r-devel-linux-x86_64-fedora-gcc | 1.0.1 | 178.81 | NOTE | |||
r-devel-windows-ix86+x86_64 | 1.0.1 | 64.00 | 165.00 | 229.00 | NOTE | |
r-patched-linux-x86_64 | 1.0.1 | 28.37 | 114.53 | 142.90 | NOTE | |
r-patched-solaris-x86 | 1.0.1 | 250.00 | NOTE | |||
r-release-linux-x86_64 | 1.0.1 | 24.40 | 114.48 | 138.88 | NOTE | |
r-release-windows-ix86+x86_64 | 1.0.1 | 72.00 | 143.00 | 215.00 | NOTE | |
r-release-osx-x86_64 | 1.0.1 | NOTE | ||||
r-oldrel-windows-ix86+x86_64 | 1.0.1 | 32.00 | 197.00 | 229.00 | NOTE | |
r-oldrel-osx-x86_64 | 1.0.1 | NOTE |
Version: 1.0.1
Check: for GNU extensions in Makefiles
Result: NOTE
GNU make is a SystemRequirements.
Flavors: r-devel-linux-x86_64-debian-clang, r-devel-linux-x86_64-debian-gcc, r-devel-linux-x86_64-fedora-clang, r-devel-linux-x86_64-fedora-gcc, r-devel-windows-ix86+x86_64, r-patched-linux-x86_64, r-patched-solaris-x86, r-release-linux-x86_64, r-release-windows-ix86+x86_64, r-release-osx-x86_64, r-oldrel-windows-ix86+x86_64, r-oldrel-osx-x86_64