CRAN Package Check Results for Package homals

Last updated on 2019-10-31 00:50:57 CET.

Flavor Version Tinstall Tcheck Ttotal Status Flags
r-devel-linux-x86_64-debian-clang 1.0-8 6.10 60.14 66.24 OK
r-devel-linux-x86_64-debian-gcc 1.0-8 4.96 45.84 50.80 OK
r-devel-linux-x86_64-fedora-clang 1.0-8 81.68 OK
r-devel-linux-x86_64-fedora-gcc 1.0-8 78.41 OK
r-devel-windows-ix86+x86_64 1.0-8 33.00 119.00 152.00 OK
r-patched-linux-x86_64 1.0-8 5.02 57.25 62.27 OK
r-patched-solaris-x86 1.0-8 106.30 OK
r-release-linux-x86_64 1.0-8 5.76 58.11 63.87 OK
r-release-windows-ix86+x86_64 1.0-8 20.00 69.00 89.00 OK
r-release-osx-x86_64 1.0-8 WARN
r-oldrel-windows-ix86+x86_64 1.0-8 18.00 106.00 124.00 OK
r-oldrel-osx-x86_64 1.0-8 OK

Check Details

Version: 1.0-8
Check: whether package can be installed
Result: WARN
    Found the following significant warnings:
     Warning: 'rgl_init' failed, running with rgl.useNULL = TRUE
Flavor: r-release-osx-x86_64