CRAN Package Check Results for Package hpiR

Last updated on 2019-10-31 00:50:57 CET.

Flavor Version Tinstall Tcheck Ttotal Status Flags
r-devel-linux-x86_64-debian-clang 0.2.0 16.60 160.80 177.40 OK
r-devel-linux-x86_64-debian-gcc 0.2.0 12.96 116.47 129.43 OK
r-devel-linux-x86_64-fedora-clang 0.2.0 207.38 NOTE
r-devel-linux-x86_64-fedora-gcc 0.2.0 196.66 NOTE
r-devel-windows-ix86+x86_64 0.2.0 44.00 183.00 227.00 OK
r-patched-linux-x86_64 0.2.0 13.12 144.89 158.01 OK
r-patched-solaris-x86 0.2.0 321.50 NOTE
r-release-linux-x86_64 0.2.0 15.37 147.09 162.46 OK
r-release-windows-ix86+x86_64 0.2.0 52.00 166.00 218.00 OK
r-release-osx-x86_64 0.2.0 NOTE
r-oldrel-windows-ix86+x86_64 0.2.0 31.00 224.00 255.00 OK
r-oldrel-osx-x86_64 0.2.0 NOTE

Check Details

Version: 0.2.0
Check: dependencies in R code
Result: NOTE
    Namespace in Imports field not imported from: ‘knitr’
     All declared Imports should be used.
Flavors: r-devel-linux-x86_64-fedora-clang, r-devel-linux-x86_64-fedora-gcc, r-patched-solaris-x86, r-release-osx-x86_64, r-oldrel-osx-x86_64