Last updated on 2019-10-31 00:50:57 CET.
Flavor | Version | Tinstall | Tcheck | Ttotal | Status | Flags |
---|---|---|---|---|---|---|
r-devel-linux-x86_64-debian-clang | 0.10.0 | 6.85 | 56.74 | 63.59 | OK | |
r-devel-linux-x86_64-debian-gcc | 0.10.0 | 5.57 | 43.18 | 48.75 | OK | |
r-devel-linux-x86_64-fedora-clang | 0.10.0 | 80.48 | NOTE | |||
r-devel-linux-x86_64-fedora-gcc | 0.10.0 | 76.19 | NOTE | |||
r-devel-windows-ix86+x86_64 | 0.10.0 | 29.00 | 78.00 | 107.00 | OK | |
r-patched-linux-x86_64 | 0.10.0 | 5.06 | 53.52 | 58.58 | OK | |
r-patched-solaris-x86 | 0.10.0 | 118.30 | NOTE | |||
r-release-linux-x86_64 | 0.10.0 | 6.51 | 53.51 | 60.02 | OK | |
r-release-windows-ix86+x86_64 | 0.10.0 | 25.00 | 69.00 | 94.00 | OK | |
r-release-osx-x86_64 | 0.10.0 | NOTE | ||||
r-oldrel-windows-ix86+x86_64 | 0.10.0 | 10.00 | 92.00 | 102.00 | OK | |
r-oldrel-osx-x86_64 | 0.10.0 | NOTE |
Version: 0.10.0
Check: dependencies in R code
Result: NOTE
Namespace in Imports field not imported from: ‘dbplyr’
All declared Imports should be used.
Flavors: r-devel-linux-x86_64-fedora-clang, r-devel-linux-x86_64-fedora-gcc, r-patched-solaris-x86, r-release-osx-x86_64, r-oldrel-osx-x86_64