Last updated on 2019-10-31 00:50:57 CET.
Flavor | Version | Tinstall | Tcheck | Ttotal | Status | Flags |
---|---|---|---|---|---|---|
r-devel-linux-x86_64-debian-clang | 2.0-3 | 14.14 | 72.83 | 86.97 | OK | |
r-devel-linux-x86_64-debian-gcc | 2.0-3 | 11.53 | 57.02 | 68.55 | OK | |
r-devel-linux-x86_64-fedora-clang | 2.0-3 | 106.20 | NOTE | |||
r-devel-linux-x86_64-fedora-gcc | 2.0-3 | 103.77 | NOTE | |||
r-devel-windows-ix86+x86_64 | 2.0-3 | 35.00 | 142.00 | 177.00 | OK | |
r-patched-linux-x86_64 | 2.0-3 | 12.06 | 70.02 | 82.08 | OK | |
r-patched-solaris-x86 | 2.0-3 | 145.20 | OK | |||
r-release-linux-x86_64 | 2.0-3 | 12.22 | 71.24 | 83.46 | OK | |
r-release-windows-ix86+x86_64 | 2.0-3 | 31.00 | 131.00 | 162.00 | OK | |
r-release-osx-x86_64 | 2.0-3 | OK | ||||
r-oldrel-windows-ix86+x86_64 | 2.0-3 | 20.00 | 126.00 | 146.00 | OK | |
r-oldrel-osx-x86_64 | 2.0-3 | OK |
Version: 2.0-3
Check: foreign function calls
Result: NOTE
Registration problems:
symbol ‘nom1’ in the local frame:
.C(nom1, as.double(xord), as.integer(length(xord)), as.double(yord),
as.double(gridbw), as.integer(length(gridbw)), as.integer(effold),
as.integer(neffold), double(length(gridbw)), double(length(gridbw)))
symbol ‘nom2’ in the local frame:
.C(nom2, as.double(x), as.integer(n), as.double(y), as.double(bandwidth),
as.double(x), as.integer(n), double(n), double(1))
symbol ‘nom2’ in the local frame:
.C(nom2, as.double(x), as.integer(n), as.double(y), as.double(bandwidth),
as.double(x), as.integer(n), double(n), double(1), double(n))
symbol ‘nom’ in the local frame:
.C(nom, as.double(x), as.integer(length(x)), as.double(y), as.double(object$bandwidth),
as.double(newdata), as.integer(length(newdata)), double(length(newdata)),
double(1))
symbol ‘nom’ in the local frame:
.C(nom, as.double(x), as.integer(length(x)), as.double(y), as.double(object$bandwidth),
as.double(newdata), as.integer(length(newdata)), double(length(newdata)),
double(1), double(length(newdata)))
See chapter ‘System and foreign language interfaces’ in the ‘Writing R
Extensions’ manual.
Flavors: r-devel-linux-x86_64-fedora-clang, r-devel-linux-x86_64-fedora-gcc