Last updated on 2019-10-31 00:50:57 CET.
Flavor | Version | Tinstall | Tcheck | Ttotal | Status | Flags |
---|---|---|---|---|---|---|
r-devel-linux-x86_64-debian-clang | 0.8.5 | 26.89 | 151.83 | 178.72 | NOTE | |
r-devel-linux-x86_64-debian-gcc | 0.8.5 | 20.27 | 115.15 | 135.42 | NOTE | |
r-devel-linux-x86_64-fedora-clang | 0.8.5 | 223.54 | NOTE | |||
r-devel-linux-x86_64-fedora-gcc | 0.8.5 | 214.89 | NOTE | |||
r-devel-windows-ix86+x86_64 | 0.8.5 | 31.00 | 8.00 | 39.00 | ERROR | |
r-patched-linux-x86_64 | 0.8.5 | 24.05 | 147.45 | 171.50 | NOTE | |
r-patched-solaris-x86 | 0.8.5 | 272.20 | NOTE | |||
r-release-linux-x86_64 | 0.8.5 | 27.15 | 147.54 | 174.69 | NOTE | |
r-release-windows-ix86+x86_64 | 0.8.5 | 43.00 | 130.00 | 173.00 | NOTE | |
r-release-osx-x86_64 | 0.8.5 | NOTE | ||||
r-oldrel-windows-ix86+x86_64 | 0.8.5 | 19.00 | 193.00 | 212.00 | NOTE | |
r-oldrel-osx-x86_64 | 0.8.5 | NOTE |
Version: 0.8.5
Check: package dependencies
Result: NOTE
Package suggested but not available for checking: 'ie2miscdata'
Flavors: r-devel-linux-x86_64-debian-clang, r-devel-linux-x86_64-debian-gcc, r-devel-linux-x86_64-fedora-clang, r-devel-linux-x86_64-fedora-gcc, r-devel-windows-ix86+x86_64, r-patched-linux-x86_64, r-patched-solaris-x86, r-release-linux-x86_64, r-release-windows-ix86+x86_64, r-release-osx-x86_64, r-oldrel-windows-ix86+x86_64, r-oldrel-osx-x86_64
Version: 0.8.5
Check: whether package can be installed
Result: ERROR
Installation failed.
Flavor: r-devel-windows-ix86+x86_64