CRAN Package Check Results for Package immer

Last updated on 2019-10-31 00:50:57 CET.

Flavor Version Tinstall Tcheck Ttotal Status Flags
r-devel-linux-x86_64-debian-clang 1.1-35 94.47 66.08 160.55 OK
r-devel-linux-x86_64-debian-gcc 1.1-35 79.99 52.31 132.30 OK
r-devel-linux-x86_64-fedora-clang 1.1-35 222.17 NOTE
r-devel-linux-x86_64-fedora-gcc 1.1-35 220.50 OK
r-devel-windows-ix86+x86_64 1.1-35 231.00 159.00 390.00 OK
r-patched-linux-x86_64 1.1-35 82.26 65.09 147.35 OK
r-patched-solaris-x86 1.1-35 224.20 OK
r-release-linux-x86_64 1.1-35 81.57 65.91 147.48 OK
r-release-windows-ix86+x86_64 1.1-35 233.00 102.00 335.00 OK
r-release-osx-x86_64 1.1-35 OK
r-oldrel-windows-ix86+x86_64 1.1-35 147.00 128.00 275.00 OK
r-oldrel-osx-x86_64 1.1-35 OK

Check Details

Version: 1.1-35
Check: installed package size
Result: NOTE
     installed size is 6.1Mb
     sub-directories of 1Mb or more:
     libs 5.2Mb
Flavor: r-devel-linux-x86_64-fedora-clang