CRAN Package Check Results for Package incgraph

Last updated on 2019-10-31 00:50:57 CET.

Flavor Version Tinstall Tcheck Ttotal Status Flags
r-devel-linux-x86_64-debian-clang 1.0.1 23.86 43.66 67.52 OK
r-devel-linux-x86_64-debian-gcc 1.0.1 16.43 33.22 49.65 OK
r-devel-linux-x86_64-fedora-clang 1.0.1 84.57 NOTE
r-devel-linux-x86_64-fedora-gcc 1.0.1 79.30 NOTE
r-devel-windows-ix86+x86_64 1.0.1 70.00 84.00 154.00 OK
r-patched-linux-x86_64 1.0.1 19.16 40.05 59.21 OK
r-patched-solaris-x86 1.0.1 102.60 NOTE
r-release-linux-x86_64 1.0.1 16.96 40.41 57.37 OK
r-release-windows-ix86+x86_64 1.0.1 62.00 82.00 144.00 OK
r-release-osx-x86_64 1.0.1 NOTE
r-oldrel-windows-ix86+x86_64 1.0.1 44.00 106.00 150.00 OK
r-oldrel-osx-x86_64 1.0.1 NOTE

Check Details

Version: 1.0.1
Check: dependencies in R code
Result: NOTE
    Namespace in Imports field not imported from: ‘testthat’
     All declared Imports should be used.
Flavors: r-devel-linux-x86_64-fedora-clang, r-devel-linux-x86_64-fedora-gcc, r-patched-solaris-x86, r-release-osx-x86_64, r-oldrel-osx-x86_64