CRAN Package Check Results for Package ingredients

Last updated on 2019-10-31 00:50:57 CET.

Flavor Version Tinstall Tcheck Ttotal Status Flags
r-devel-linux-x86_64-debian-clang 0.4 5.59 285.10 290.69 OK
r-devel-linux-x86_64-debian-gcc 0.4 4.70 217.26 221.96 OK
r-devel-linux-x86_64-fedora-clang 0.4 343.05 NOTE
r-devel-linux-x86_64-fedora-gcc 0.4 351.34 NOTE
r-devel-windows-ix86+x86_64 0.4 22.00 364.00 386.00 OK
r-patched-linux-x86_64 0.4 5.81 267.97 273.78 OK
r-patched-solaris-x86 0.4 567.20 NOTE
r-release-linux-x86_64 0.4 5.92 272.64 278.56 OK
r-release-windows-ix86+x86_64 0.4 12.00 301.00 313.00 OK
r-release-osx-x86_64 0.3.9 OK
r-oldrel-windows-ix86+x86_64 0.4 9.00 327.00 336.00 OK
r-oldrel-osx-x86_64 0.3.9 OK

Check Details

Version: 0.4
Check: dependencies in R code
Result: NOTE
    Namespace in Imports field not imported from: ‘gridExtra’
     All declared Imports should be used.
Flavors: r-devel-linux-x86_64-fedora-clang, r-devel-linux-x86_64-fedora-gcc, r-patched-solaris-x86