CRAN Package Check Results for Package intervals

Last updated on 2019-10-31 00:50:57 CET.

Flavor Version Tinstall Tcheck Ttotal Status Flags
r-devel-linux-x86_64-debian-clang 0.15.1 10.27 41.87 52.14 OK
r-devel-linux-x86_64-debian-gcc 0.15.1 7.10 32.75 39.85 OK
r-devel-linux-x86_64-fedora-clang 0.15.1 67.42 NOTE
r-devel-linux-x86_64-fedora-gcc 0.15.1 63.97 NOTE
r-devel-windows-ix86+x86_64 0.15.1 33.00 111.00 144.00 OK
r-patched-linux-x86_64 0.15.1 7.61 40.19 47.80 OK
r-patched-solaris-x86 0.15.1 92.20 OK
r-release-linux-x86_64 0.15.1 7.82 40.67 48.49 OK
r-release-windows-ix86+x86_64 0.15.1 24.00 110.00 134.00 OK
r-release-osx-x86_64 0.15.1 OK
r-oldrel-windows-ix86+x86_64 0.15.1 21.00 77.00 98.00 OK
r-oldrel-osx-x86_64 0.15.1 OK

Check Details

Version: 0.15.1
Check: compiled code
Result: NOTE
    File ‘intervals/libs/intervals.so’:
     Found no calls to: ‘R_registerRoutines’, ‘R_useDynamicSymbols’
    
    It is good practice to register native routines and to disable symbol
    search.
    
    See ‘Writing portable packages’ in the ‘Writing R Extensions’ manual.
Flavors: r-devel-linux-x86_64-fedora-clang, r-devel-linux-x86_64-fedora-gcc