Last updated on 2019-10-31 00:50:57 CET.
Flavor | Version | Tinstall | Tcheck | Ttotal | Status | Flags |
---|---|---|---|---|---|---|
r-devel-linux-x86_64-debian-clang | 0.2.0 | 184.80 | 43.05 | 227.85 | OK | |
r-devel-linux-x86_64-debian-gcc | 0.2.0 | 144.04 | 33.01 | 177.05 | OK | |
r-devel-linux-x86_64-fedora-clang | 0.2.0 | 338.43 | NOTE | |||
r-devel-linux-x86_64-fedora-gcc | 0.2.0 | 312.77 | OK | |||
r-devel-windows-ix86+x86_64 | 0.2.0 | 399.00 | 118.00 | 517.00 | OK | |
r-patched-linux-x86_64 | 0.2.0 | 150.34 | 40.96 | 191.30 | OK | |
r-patched-solaris-x86 | 0.2.0 | 248.20 | OK | |||
r-release-linux-x86_64 | 0.2.0 | 146.75 | 40.87 | 187.62 | OK | |
r-release-windows-ix86+x86_64 | 0.2.0 | 399.00 | 88.00 | 487.00 | OK | |
r-release-osx-x86_64 | 0.2.0 | NOTE | ||||
r-oldrel-windows-ix86+x86_64 | 0.2.0 | 277.00 | 107.00 | 384.00 | OK | |
r-oldrel-osx-x86_64 | 0.2.0 | NOTE |
Version: 0.2.0
Check: installed package size
Result: NOTE
installed size is 15.1Mb
sub-directories of 1Mb or more:
libs 14.7Mb
Flavors: r-devel-linux-x86_64-fedora-clang, r-release-osx-x86_64, r-oldrel-osx-x86_64