CRAN Package Check Results for Package invGauss

Last updated on 2019-10-31 00:50:57 CET.

Flavor Version Tinstall Tcheck Ttotal Status Flags
r-devel-linux-x86_64-debian-clang 1.1 7.31 54.23 61.54 NOTE
r-devel-linux-x86_64-debian-gcc 1.1 5.91 42.80 48.71 NOTE
r-devel-linux-x86_64-fedora-clang 1.1 73.76 NOTE
r-devel-linux-x86_64-fedora-gcc 1.1 74.09 NOTE
r-devel-windows-ix86+x86_64 1.1 19.00 88.00 107.00 NOTE
r-patched-linux-x86_64 1.1 6.54 51.30 57.84 NOTE
r-patched-solaris-x86 1.1 107.50 NOTE
r-release-linux-x86_64 1.1 6.44 51.51 57.95 NOTE
r-release-windows-ix86+x86_64 1.1 18.00 58.00 76.00 NOTE
r-release-osx-x86_64 1.1 NOTE
r-oldrel-windows-ix86+x86_64 1.1 7.00 85.00 92.00 NOTE
r-oldrel-osx-x86_64 1.1 NOTE

Check Details

Version: 1.1
Check: DESCRIPTION meta-information
Result: NOTE
    Malformed Title field: should not end in a period.
Flavors: r-devel-linux-x86_64-debian-clang, r-devel-linux-x86_64-debian-gcc, r-devel-linux-x86_64-fedora-clang, r-devel-linux-x86_64-fedora-gcc, r-devel-windows-ix86+x86_64, r-patched-linux-x86_64, r-patched-solaris-x86, r-release-linux-x86_64, r-release-windows-ix86+x86_64, r-release-osx-x86_64, r-oldrel-windows-ix86+x86_64, r-oldrel-osx-x86_64

Version: 1.1
Check: R code for possible problems
Result: NOTE
    f.B: no visible global function definition for 'pnorm'
    f.B.neglog.deriv: no visible global function definition for 'pnorm'
    f.B.neglog.deriv: no visible global function definition for 'dnorm'
    f.grovest3 : f.est: no visible global function definition for 'survfit'
    f.grovest3 : f.est: no visible global function definition for 'plot'
    f.grovest3 : f.est: no visible global function definition for 'lines'
    f.grovest3: no visible global function definition for 'model.frame'
    f.grovest3: no visible global function definition for 'model.extract'
    invGauss: no visible global function definition for 'model.frame'
    invGauss: no visible global function definition for 'model.extract'
    invGauss: no visible global function definition for 'model.matrix'
    predict.invGauss: no visible global function definition for
     'model.frame'
    predict.invGauss: no visible global function definition for
     'model.extract'
    predict.invGauss: no visible global function definition for
     'model.matrix'
    predict.invGauss: no visible binding for global variable 'formula'
    predict.invGauss: no visible binding for global variable 'data'
    summary.invGauss: no visible global function definition for 'pnorm'
    Undefined global functions or variables:
     data dnorm formula lines model.extract model.frame model.matrix plot
     pnorm survfit
    Consider adding
     importFrom("graphics", "lines", "plot")
     importFrom("stats", "dnorm", "formula", "model.extract", "model.frame",
     "model.matrix", "pnorm")
     importFrom("utils", "data")
    to your NAMESPACE file.
Flavors: r-devel-linux-x86_64-debian-clang, r-devel-linux-x86_64-debian-gcc, r-devel-linux-x86_64-fedora-clang, r-devel-linux-x86_64-fedora-gcc, r-devel-windows-ix86+x86_64, r-patched-linux-x86_64, r-patched-solaris-x86, r-release-linux-x86_64, r-release-windows-ix86+x86_64, r-release-osx-x86_64, r-oldrel-windows-ix86+x86_64, r-oldrel-osx-x86_64