Last updated on 2019-10-31 00:50:57 CET.
Flavor | Version | Tinstall | Tcheck | Ttotal | Status | Flags |
---|---|---|---|---|---|---|
r-devel-linux-x86_64-debian-clang | 0.4.2 | 13.38 | 128.78 | 142.16 | OK | |
r-devel-linux-x86_64-debian-gcc | 0.4.2 | 11.50 | 95.60 | 107.10 | OK | |
r-devel-linux-x86_64-fedora-clang | 0.4.2 | 169.51 | NOTE | |||
r-devel-linux-x86_64-fedora-gcc | 0.4.2 | 166.96 | NOTE | |||
r-devel-windows-ix86+x86_64 | 0.4.2 | 53.00 | 138.00 | 191.00 | OK | |
r-patched-linux-x86_64 | 0.4.2 | 13.61 | 119.70 | 133.31 | OK | |
r-patched-solaris-x86 | 0.4.2 | 243.30 | NOTE | |||
r-release-linux-x86_64 | 0.4.2 | 14.02 | 119.89 | 133.91 | OK | |
r-release-windows-ix86+x86_64 | 0.4.2 | 37.00 | 140.00 | 177.00 | OK | |
r-release-osx-x86_64 | 0.4.2 | NOTE | ||||
r-oldrel-windows-ix86+x86_64 | 0.4.2 | 17.00 | 174.00 | 191.00 | OK | |
r-oldrel-osx-x86_64 | 0.4.2 | NOTE |
Version: 0.4.2
Check: data for non-ASCII characters
Result: NOTE
Note: found 53206 marked UTF-8 strings
Flavors: r-devel-linux-x86_64-fedora-clang, r-devel-linux-x86_64-fedora-gcc, r-patched-solaris-x86, r-release-osx-x86_64, r-oldrel-osx-x86_64