Last updated on 2019-10-31 00:50:57 CET.
Flavor | Version | Tinstall | Tcheck | Ttotal | Status | Flags |
---|---|---|---|---|---|---|
r-devel-linux-x86_64-debian-clang | 0.10.99 | 80.80 | 54.64 | 135.44 | NOTE | |
r-devel-linux-x86_64-debian-gcc | 0.10.99 | 51.71 | 45.26 | 96.97 | NOTE | |
r-devel-linux-x86_64-fedora-clang | 0.10.99 | 179.83 | WARN | |||
r-devel-linux-x86_64-fedora-gcc | 0.10.99 | 164.66 | OK | |||
r-devel-windows-ix86+x86_64 | 0.10.99 | 172.00 | 144.00 | 316.00 | NOTE | |
r-patched-linux-x86_64 | 0.10.99 | 51.05 | 54.67 | 105.72 | OK | |
r-patched-solaris-x86 | 0.10.99 | 191.90 | OK | |||
r-release-linux-x86_64 | 0.10.99 | 53.00 | 54.68 | 107.68 | OK | |
r-release-windows-ix86+x86_64 | 0.10.99 | 176.00 | 145.00 | 321.00 | OK | |
r-release-osx-x86_64 | 0.10.99 | NOTE | ||||
r-oldrel-windows-ix86+x86_64 | 0.10.99 | 123.00 | 175.00 | 298.00 | OK | |
r-oldrel-osx-x86_64 | 0.10.99 | NOTE |
Version: 0.10.99
Check: package vignettes
Result: NOTE
Package vignette with placeholder title 'Vignette Title':
'Quick_Start_Guide.Rmd'
Flavors: r-devel-linux-x86_64-debian-clang, r-devel-linux-x86_64-debian-gcc, r-devel-windows-ix86+x86_64
Version: 0.10.99
Check: whether package can be installed
Result: WARN
Found the following significant warnings:
../inst/include/lib/limonp/StringUtil.hpp:83:70: warning: 'ptr_fun<int, int>' is deprecated [-Wdeprecated-declarations]
../inst/include/lib/limonp/StringUtil.hpp:88:61: warning: 'ptr_fun<int, int>' is deprecated [-Wdeprecated-declarations]
../inst/include/lib/limonp/StringUtil.hpp:97:70: warning: 'bind2nd<std::__1::equal_to<char>, char>' is deprecated [-Wdeprecated-declarations]
../inst/include/lib/limonp/StringUtil.hpp:102:61: warning: 'bind2nd<std::__1::equal_to<char>, char>' is deprecated [-Wdeprecated-declarations]
Flavor: r-devel-linux-x86_64-fedora-clang
Version: 0.10.99
Check: installed package size
Result: NOTE
installed size is 6.0Mb
sub-directories of 1Mb or more:
libs 5.5Mb
Flavors: r-devel-linux-x86_64-fedora-clang, r-release-osx-x86_64, r-oldrel-osx-x86_64