CRAN Package Check Results for Package jmv

Last updated on 2019-10-31 00:50:58 CET.

Flavor Version Tinstall Tcheck Ttotal Status Flags
r-devel-linux-x86_64-debian-clang 1.0.8 75.18 89.66 164.84 OK
r-devel-linux-x86_64-debian-gcc 1.0.8 65.80 68.67 134.47 OK
r-devel-linux-x86_64-fedora-clang 1.0.8 228.69 NOTE
r-devel-linux-x86_64-fedora-gcc 1.0.8 222.08 NOTE
r-devel-windows-ix86+x86_64 1.0.8 129.00 132.00 261.00 OK
r-patched-linux-x86_64 1.0.8 69.11 83.67 152.78 OK
r-patched-solaris-x86 1.0.8 270.40 NOTE
r-release-linux-x86_64 1.0.8 69.51 86.03 155.54 OK
r-release-windows-ix86+x86_64 1.0.8 112.00 130.00 242.00 OK
r-release-osx-x86_64 0.9.6.1 NOTE
r-oldrel-windows-ix86+x86_64 1.0.8 91.00 137.00 228.00 OK
r-oldrel-osx-x86_64 0.9.6.1 NOTE

Check Details

Version: 1.0.8
Check: dependencies in R code
Result: NOTE
    Namespaces in Imports field not imported from:
     ‘BayesFactor’ ‘GGally’ ‘GPArotation’ ‘MASS’ ‘PMCMR’ ‘R6’ ‘ROCR’
     ‘afex’ ‘car’ ‘emmeans’ ‘ggridges’ ‘lavaan’ ‘multcomp’ ‘mvnormtest’
     ‘nnet’ ‘psych’ ‘vcd’ ‘vcdExtra’
     All declared Imports should be used.
Flavors: r-devel-linux-x86_64-fedora-clang, r-devel-linux-x86_64-fedora-gcc, r-patched-solaris-x86

Version: 0.9.6.1
Check: dependencies in R code
Result: NOTE
    Namespaces in Imports field not imported from:
     ‘BayesFactor’ ‘GGally’ ‘GPArotation’ ‘MASS’ ‘PMCMR’ ‘R6’ ‘ROCR’
     ‘afex’ ‘car’ ‘emmeans’ ‘ggridges’ ‘lavaan’ ‘multcomp’ ‘mvnormtest’
     ‘nnet’ ‘psych’ ‘vcd’ ‘vcdExtra’
     All declared Imports should be used.
    ':::' calls which should be '::':
     ‘jmvcore:::decomposeFormula’ ‘jmvcore:::enquo’
     ‘jmvcore:::marshalData’ ‘jmvcore:::marshalFormula’
     ‘jmvcore:::resolveQuo’
     See the note in ?`:::` about the use of this operator.
Flavors: r-release-osx-x86_64, r-oldrel-osx-x86_64