CRAN Package Check Results for Package joineRML

Last updated on 2019-10-31 00:50:58 CET.

Flavor Version Tinstall Tcheck Ttotal Status Flags
r-devel-linux-x86_64-debian-clang 0.4.2 104.95 228.11 333.06 NOTE
r-devel-linux-x86_64-debian-gcc 0.4.2 75.20 272.41 347.61 NOTE
r-devel-linux-x86_64-fedora-clang 0.4.2 412.90 NOTE
r-devel-linux-x86_64-fedora-gcc 0.4.2 405.16 NOTE
r-devel-windows-ix86+x86_64 0.4.2 240.00 339.00 579.00 OK
r-patched-linux-x86_64 0.4.2 82.80 261.84 344.64 NOTE
r-patched-solaris-x86 0.4.2 636.80 OK
r-release-linux-x86_64 0.4.2 82.27 258.30 340.57 NOTE
r-release-windows-ix86+x86_64 0.4.2 245.00 336.00 581.00 OK
r-release-osx-x86_64 0.4.2 NOTE
r-oldrel-windows-ix86+x86_64 0.4.2 173.00 423.00 596.00 OK
r-oldrel-osx-x86_64 0.4.2 NOTE

Check Details

Version: 0.4.2
Check: use of SHLIB_OPENMP_*FLAGS in Makefiles
Result: NOTE
     src/Makevars: SHLIB_OPENMP_CXXFLAGS is included in PKG_CXXFLAGS but not in PKG_LIBS
     src/Makevars: SHLIB_OPENMP_CFLAGS is included in PKG_LIBS but linking is by C++
     src/Makevars.win: SHLIB_OPENMP_CXXFLAGS is included in PKG_CXXFLAGS but not in PKG_LIBS
     src/Makevars.win: SHLIB_OPENMP_CFLAGS is included in PKG_LIBS but linking is by C++
    Use of these macros is discussed in sect 1.2.1.1 of 'Writing R
    Extensions'. The macros for different languages may differ so the
    matching macro must be used in PKG_CXXFLAGS (etc) and match that used
    in PKG_LIBS (except for Fortran: see the manual).
Flavors: r-devel-linux-x86_64-debian-clang, r-devel-linux-x86_64-debian-gcc, r-devel-linux-x86_64-fedora-clang, r-devel-linux-x86_64-fedora-gcc, r-patched-linux-x86_64, r-release-linux-x86_64

Version: 0.4.2
Check: installed package size
Result: NOTE
     installed size is 6.8Mb
     sub-directories of 1Mb or more:
     data 1.3Mb
     libs 4.3Mb
Flavors: r-devel-linux-x86_64-fedora-clang, r-release-osx-x86_64, r-oldrel-osx-x86_64