Last updated on 2019-10-31 00:50:58 CET.
Flavor | Version | Tinstall | Tcheck | Ttotal | Status | Flags |
---|---|---|---|---|---|---|
r-devel-linux-x86_64-debian-clang | 0.2.1 | 53.26 | 25.96 | 79.22 | NOTE | |
r-devel-linux-x86_64-debian-gcc | 0.2.1 | 37.82 | 21.11 | 58.93 | NOTE | |
r-devel-linux-x86_64-fedora-clang | 0.2.1 | 110.06 | OK | |||
r-devel-linux-x86_64-fedora-gcc | 0.2.1 | 105.97 | OK | |||
r-devel-windows-ix86+x86_64 | 0.2.1 | 149.00 | 62.00 | 211.00 | NOTE | |
r-patched-linux-x86_64 | 0.2.1 | 39.57 | 25.49 | 65.06 | OK | |
r-patched-solaris-x86 | 0.2.1 | 105.60 | OK | |||
r-release-linux-x86_64 | 0.2.1 | 40.91 | 25.63 | 66.54 | OK | |
r-release-windows-ix86+x86_64 | 0.2.1 | 150.00 | 54.00 | 204.00 | OK | |
r-release-osx-x86_64 | 0.2.1 | OK | ||||
r-oldrel-windows-ix86+x86_64 | 0.2.1 | 102.00 | 74.00 | 176.00 | OK | |
r-oldrel-osx-x86_64 | 0.2.1 | OK |
Version: 0.2.1
Check: package vignettes
Result: NOTE
Package vignette with placeholder title 'Vignette Title':
'jsonify.Rmd'
Flavors: r-devel-linux-x86_64-debian-clang, r-devel-linux-x86_64-debian-gcc, r-devel-windows-ix86+x86_64