Last updated on 2019-10-31 00:50:58 CET.
Flavor | Version | Tinstall | Tcheck | Ttotal | Status | Flags |
---|---|---|---|---|---|---|
r-devel-linux-x86_64-debian-clang | 0.1 | 6.39 | 52.92 | 59.31 | NOTE | |
r-devel-linux-x86_64-debian-gcc | 0.1 | 6.24 | 41.29 | 47.53 | NOTE | |
r-devel-linux-x86_64-fedora-clang | 0.1 | 71.19 | NOTE | |||
r-devel-linux-x86_64-fedora-gcc | 0.1 | 70.83 | NOTE | |||
r-devel-windows-ix86+x86_64 | 0.1 | 18.00 | 80.00 | 98.00 | NOTE | |
r-patched-linux-x86_64 | 0.1 | 4.95 | 50.29 | 55.24 | NOTE | |
r-patched-solaris-x86 | 0.1 | 106.60 | NOTE | |||
r-release-linux-x86_64 | 0.1 | 5.42 | 49.87 | 55.29 | NOTE | |
r-release-windows-ix86+x86_64 | 0.1 | 15.00 | 61.00 | 76.00 | NOTE | |
r-release-osx-x86_64 | 0.1 | NOTE | ||||
r-oldrel-windows-ix86+x86_64 | 0.1 | 7.00 | 88.00 | 95.00 | NOTE | |
r-oldrel-osx-x86_64 | 0.1 | NOTE |
Version: 0.1
Check: DESCRIPTION meta-information
Result: NOTE
Malformed Description field: should contain one or more complete sentences.
Flavors: r-devel-linux-x86_64-debian-clang, r-devel-linux-x86_64-debian-gcc, r-devel-linux-x86_64-fedora-clang, r-devel-linux-x86_64-fedora-gcc, r-devel-windows-ix86+x86_64, r-patched-linux-x86_64, r-patched-solaris-x86, r-release-linux-x86_64, r-release-windows-ix86+x86_64, r-release-osx-x86_64, r-oldrel-windows-ix86+x86_64, r-oldrel-osx-x86_64
Version: 0.1
Check: R code for possible problems
Result: NOTE
noe.compute.pv: no visible global function definition for 'punif'
Undefined global functions or variables:
punif
Consider adding
importFrom("stats", "punif")
to your NAMESPACE file.
Flavors: r-devel-linux-x86_64-debian-clang, r-devel-linux-x86_64-debian-gcc, r-devel-linux-x86_64-fedora-clang, r-devel-linux-x86_64-fedora-gcc, r-devel-windows-ix86+x86_64, r-patched-linux-x86_64, r-patched-solaris-x86, r-release-linux-x86_64, r-release-windows-ix86+x86_64, r-release-osx-x86_64, r-oldrel-windows-ix86+x86_64, r-oldrel-osx-x86_64