CRAN Package Check Results for Package kml

Last updated on 2019-10-31 00:50:58 CET.

Flavor Version Tinstall Tcheck Ttotal Status Flags
r-devel-linux-x86_64-debian-clang 2.4.1 7.81 48.13 55.94 NOTE
r-devel-linux-x86_64-debian-gcc 2.4.1 6.04 37.13 43.17 NOTE
r-devel-linux-x86_64-fedora-clang 2.4.1 65.81 NOTE
r-devel-linux-x86_64-fedora-gcc 2.4.1 64.96 NOTE
r-devel-windows-ix86+x86_64 2.4.1 37.00 119.00 156.00 OK
r-patched-linux-x86_64 2.4.1 6.57 46.43 53.00 OK
r-patched-solaris-x86 2.4.1 101.00 OK
r-release-linux-x86_64 2.4.1 7.28 46.91 54.19 OK
r-release-windows-ix86+x86_64 2.4.1 30.00 84.00 114.00 OK
r-release-osx-x86_64 2.4.1 WARN
r-oldrel-windows-ix86+x86_64 2.4.1 27.00 121.00 148.00 OK
r-oldrel-osx-x86_64 2.4.1 OK

Check Details

Version: 2.4.1
Check: for non-standard things in the check directory
Result: NOTE
    Found the following files/directories:
     'cld1.Rdata' 'ld.Rdata' 'myCld.Rdata'
Flavors: r-devel-linux-x86_64-debian-clang, r-devel-linux-x86_64-debian-gcc, r-devel-linux-x86_64-fedora-clang, r-devel-linux-x86_64-fedora-gcc

Version: 2.4.1
Check: compiled code
Result: NOTE
    File ‘kml/libs/kml.so’:
     Found no calls to: ‘R_registerRoutines’, ‘R_useDynamicSymbols’
    
    It is good practice to register native routines and to disable symbol
    search.
    
    See ‘Writing portable packages’ in the ‘Writing R Extensions’ manual.
Flavors: r-devel-linux-x86_64-fedora-clang, r-devel-linux-x86_64-fedora-gcc

Version: 2.4.1
Check: whether package can be installed
Result: WARN
    Found the following significant warnings:
     Warning: 'rgl_init' failed, running with rgl.useNULL = TRUE
Flavor: r-release-osx-x86_64