Last updated on 2019-10-31 00:50:58 CET.
Flavor | Version | Tinstall | Tcheck | Ttotal | Status | Flags |
---|---|---|---|---|---|---|
r-devel-linux-x86_64-debian-clang | 0.2.2 | 2.64 | 27.70 | 30.34 | OK | |
r-devel-linux-x86_64-debian-gcc | 0.2.2 | 2.24 | 22.01 | 24.25 | OK | |
r-devel-linux-x86_64-fedora-clang | 0.2.2 | 39.44 | OK | |||
r-devel-linux-x86_64-fedora-gcc | 0.2.2 | 38.49 | OK | |||
r-devel-windows-ix86+x86_64 | 0.2.2 | 26.00 | 49.00 | 75.00 | OK | |
r-patched-linux-x86_64 | 0.2.2 | 2.27 | 27.15 | 29.42 | OK | |
r-patched-solaris-x86 | 0.2.2 | 51.80 | OK | |||
r-release-linux-x86_64 | 0.2.2 | 2.08 | 27.62 | 29.70 | OK | |
r-release-windows-ix86+x86_64 | 0.2.2 | 3.00 | 7.00 | 10.00 | ERROR | |
r-release-osx-x86_64 | 0.2.2 | ERROR | ||||
r-oldrel-windows-ix86+x86_64 | 0.2.2 | 14.00 | 63.00 | 77.00 | OK | |
r-oldrel-osx-x86_64 | 0.2.2 | OK |
Version: 0.2.2
Check: whether package can be installed
Result: ERROR
Installation failed.
Flavor: r-release-windows-ix86+x86_64
Version: 0.2.2
Check: tests
Result: ERROR
Running ‘testthat.R’ [0s/1s]
Running the tests in ‘tests/testthat.R’ failed.
Complete output:
> library(testthat)
Error: package or namespace load failed for 'testthat' in loadNamespace(i, c(lib.loc, .libPaths()), versionCheck = vI[[i]]):
there is no package called 'rlang'
Execution halted
Flavor: r-release-osx-x86_64