CRAN Package Check Results for Package ldamatch

Last updated on 2019-10-31 00:50:58 CET.

Flavor Version Tinstall Tcheck Ttotal Status Flags
r-devel-linux-x86_64-debian-clang 1.0.1 5.81 158.98 164.79 OK
r-devel-linux-x86_64-debian-gcc 1.0.1 5.12 117.74 122.86 OK
r-devel-linux-x86_64-fedora-clang 1.0.1 194.58 OK
r-devel-linux-x86_64-fedora-gcc 1.0.1 175.52 OK
r-devel-windows-ix86+x86_64 1.0.1 30.00 177.00 207.00 NOTE
r-patched-linux-x86_64 1.0.1 4.91 146.43 151.34 OK
r-patched-solaris-x86 1.0.1 382.70 OK
r-release-linux-x86_64 1.0.1 5.29 144.50 149.79 OK
r-release-windows-ix86+x86_64 1.0.1 23.00 194.00 217.00 NOTE
r-release-osx-x86_64 1.0.1 OK
r-oldrel-windows-ix86+x86_64 1.0.1 7.00 251.00 258.00 NOTE
r-oldrel-osx-x86_64 1.0.1 OK

Check Details

Version: 1.0.1
Check: package dependencies
Result: NOTE
    Package suggested but not available for checking: 'doMC'
Flavors: r-devel-windows-ix86+x86_64, r-release-windows-ix86+x86_64, r-oldrel-windows-ix86+x86_64