Last updated on 2019-10-31 00:50:58 CET.
Flavor | Version | Tinstall | Tcheck | Ttotal | Status | Flags |
---|---|---|---|---|---|---|
r-devel-linux-x86_64-debian-clang | 0.3 | 1.98 | 42.57 | 44.55 | OK | |
r-devel-linux-x86_64-debian-gcc | 0.3 | 1.99 | 32.63 | 34.62 | OK | |
r-devel-linux-x86_64-fedora-clang | 0.3 | 51.23 | NOTE | |||
r-devel-linux-x86_64-fedora-gcc | 0.3 | 50.62 | NOTE | |||
r-devel-windows-ix86+x86_64 | 0.3 | 13.00 | 53.00 | 66.00 | OK | |
r-patched-linux-x86_64 | 0.3 | 1.85 | 39.80 | 41.65 | OK | |
r-patched-solaris-x86 | 0.3 | 69.90 | NOTE | |||
r-release-linux-x86_64 | 0.3 | 1.55 | 40.84 | 42.39 | OK | |
r-release-windows-ix86+x86_64 | 0.3 | 8.00 | 50.00 | 58.00 | OK | |
r-release-osx-x86_64 | 0.3 | NOTE | ||||
r-oldrel-windows-ix86+x86_64 | 0.3 | 3.00 | 72.00 | 75.00 | OK | |
r-oldrel-osx-x86_64 | 0.3 | NOTE |
Version: 0.3
Check: dependencies in R code
Result: NOTE
Namespace in Imports field not imported from: ‘lazyeval’
All declared Imports should be used.
Flavors: r-devel-linux-x86_64-fedora-clang, r-devel-linux-x86_64-fedora-gcc, r-patched-solaris-x86, r-release-osx-x86_64, r-oldrel-osx-x86_64