CRAN Package Check Results for Package lgr

Last updated on 2019-10-31 00:50:58 CET.

Flavor Version Tinstall Tcheck Ttotal Status Flags
r-devel-linux-x86_64-debian-clang 0.3.3 22.34 62.55 84.89 OK
r-devel-linux-x86_64-debian-gcc 0.3.3 19.78 50.48 70.26 OK
r-devel-linux-x86_64-fedora-clang 0.3.3 107.39 OK
r-devel-linux-x86_64-fedora-gcc 0.3.3 107.07 OK
r-devel-windows-ix86+x86_64 0.3.3 43.00 79.00 122.00 NOTE
r-patched-linux-x86_64 0.3.3 23.11 61.26 84.37 OK
r-patched-solaris-x86 0.3.3 144.00 NOTE
r-release-linux-x86_64 0.3.3 22.29 62.48 84.77 OK
r-release-windows-ix86+x86_64 0.3.3 42.00 89.00 131.00 NOTE
r-release-osx-x86_64 0.3.3 OK
r-oldrel-windows-ix86+x86_64 0.3.3 32.00 106.00 138.00 NOTE
r-oldrel-osx-x86_64 0.3.3 OK

Check Details

Version: 0.3.3
Check: package dependencies
Result: NOTE
    Package suggested but not available for checking: 'rsyslog'
Flavors: r-devel-windows-ix86+x86_64, r-release-windows-ix86+x86_64, r-oldrel-windows-ix86+x86_64

Version: 0.3.3
Check: Rd cross-references
Result: NOTE
    Package unavailable to check Rd xrefs: 'rsyslog'
Flavors: r-devel-windows-ix86+x86_64, r-release-windows-ix86+x86_64, r-oldrel-windows-ix86+x86_64

Version: 0.3.3
Check: package dependencies
Result: NOTE
    Package suggested but not available for checking: ‘RPostgres’
Flavor: r-patched-solaris-x86