Last updated on 2019-10-31 00:50:58 CET.
Flavor | Version | Tinstall | Tcheck | Ttotal | Status | Flags |
---|---|---|---|---|---|---|
r-devel-linux-x86_64-debian-clang | 6.3.0 | 26.24 | 107.23 | 133.47 | OK | |
r-devel-linux-x86_64-debian-gcc | 6.3.0 | 19.11 | 77.26 | 96.37 | OK | |
r-devel-linux-x86_64-fedora-clang | 6.3.0 | 164.62 | OK | |||
r-devel-linux-x86_64-fedora-gcc | 6.3.0 | 155.42 | OK | |||
r-devel-windows-ix86+x86_64 | 6.3.0 | 64.00 | 123.00 | 187.00 | OK | |
r-patched-linux-x86_64 | 6.3.0 | 22.28 | 99.95 | 122.23 | OK | |
r-patched-solaris-x86 | 6.3.0 | 188.60 | OK | |||
r-release-linux-x86_64 | 6.3.0 | 22.60 | 99.61 | 122.21 | OK | |
r-release-windows-ix86+x86_64 | 6.3.0 | 62.00 | 123.00 | 185.00 | OK | |
r-release-osx-x86_64 | 6.3.0 | FAIL | ||||
r-oldrel-windows-ix86+x86_64 | 6.3.0 | 35.00 | 163.00 | 198.00 | OK | |
r-oldrel-osx-x86_64 | 6.3.0 | OK |
Version: 6.3.0
Check: whether package can be installed
Result: FAIL
Flavor: r-release-osx-x86_64