CRAN Package Check Results for Package link2GI

Last updated on 2019-10-31 00:50:58 CET.

Flavor Version Tinstall Tcheck Ttotal Status Flags
r-devel-linux-x86_64-debian-clang 0.3-7 10.99 69.38 80.37 OK
r-devel-linux-x86_64-debian-gcc 0.3-7 8.12 54.34 62.46 OK
r-devel-linux-x86_64-fedora-clang 0.3-7 97.74 NOTE
r-devel-linux-x86_64-fedora-gcc 0.3-7 97.55 NOTE
r-devel-windows-ix86+x86_64 0.3-7 29.00 84.00 113.00 OK
r-patched-linux-x86_64 0.3-7 9.40 67.08 76.48 OK
r-patched-solaris-x86 0.3-7 143.00 NOTE
r-release-linux-x86_64 0.3-7 9.92 68.36 78.28 OK
r-release-windows-ix86+x86_64 0.3-7 31.00 87.00 118.00 OK
r-release-osx-x86_64 0.3-7 NOTE
r-oldrel-windows-ix86+x86_64 0.3-7 11.00 118.00 129.00 OK
r-oldrel-osx-x86_64 0.3-7 NOTE

Check Details

Version: 0.3-7
Check: dependencies in R code
Result: NOTE
    Namespaces in Imports field not imported from:
     ‘methods’ ‘tools’
     All declared Imports should be used.
Flavors: r-devel-linux-x86_64-fedora-clang, r-devel-linux-x86_64-fedora-gcc, r-patched-solaris-x86, r-release-osx-x86_64, r-oldrel-osx-x86_64