CRAN Package Check Results for Package litteR

Last updated on 2019-10-31 00:50:58 CET.

Flavor Version Tinstall Tcheck Ttotal Status Flags
r-devel-linux-x86_64-debian-clang 0.6.5 7.68 82.39 90.07 OK
r-devel-linux-x86_64-debian-gcc 0.6.5 6.24 62.99 69.23 OK
r-devel-linux-x86_64-fedora-clang 0.6.5 109.23 OK
r-devel-linux-x86_64-fedora-gcc 0.6.5 105.29 OK
r-devel-windows-ix86+x86_64 0.6.5 32.00 100.00 132.00 OK
r-patched-linux-x86_64 0.6.5 6.99 78.13 85.12 OK
r-patched-solaris-x86 0.6.5 169.30 OK
r-release-linux-x86_64 0.6.5 7.27 77.81 85.08 OK
r-release-windows-ix86+x86_64 0.6.5 24.00 119.00 143.00 OK
r-release-osx-x86_64 0.6.4 WARN
r-oldrel-windows-ix86+x86_64 0.6.5 9.00 137.00 146.00 OK
r-oldrel-osx-x86_64 0.6.4 WARN

Check Details

Version: 0.6.4
Check: dependencies in R code
Result: NOTE
    No protocol specified
    No protocol specified
Flavors: r-release-osx-x86_64, r-oldrel-osx-x86_64

Version: 0.6.4
Check: S3 generic/method consistency
Result: WARN
    No protocol specified
    No protocol specified
    See section ‘Generic functions and methods’ in the ‘Writing R
    Extensions’ manual.
Flavors: r-release-osx-x86_64, r-oldrel-osx-x86_64

Version: 0.6.4
Check: replacement functions
Result: WARN
    No protocol specified
    No protocol specified
    The argument of a replacement function which corresponds to the right
    hand side must be named ‘value’.
Flavors: r-release-osx-x86_64, r-oldrel-osx-x86_64

Version: 0.6.4
Check: foreign function calls
Result: NOTE
    No protocol specified
    No protocol specified
    See chapter ‘System and foreign language interfaces’ in the ‘Writing R
    Extensions’ manual.
Flavors: r-release-osx-x86_64, r-oldrel-osx-x86_64

Version: 0.6.4
Check: R code for possible problems
Result: NOTE
    No protocol specified
    No protocol specified
Flavors: r-release-osx-x86_64, r-oldrel-osx-x86_64

Version: 0.6.4
Check: for missing documentation entries
Result: WARN
    No protocol specified
    No protocol specified
    All user-level objects in a package should have documentation entries.
    See chapter ‘Writing R documentation files’ in the ‘Writing R
    Extensions’ manual.
Flavors: r-release-osx-x86_64, r-oldrel-osx-x86_64

Version: 0.6.4
Check: for code/documentation mismatches
Result: WARN
    No protocol specified
    No protocol specified
    No protocol specified
    No protocol specified
    No protocol specified
    No protocol specified
Flavors: r-release-osx-x86_64, r-oldrel-osx-x86_64

Version: 0.6.4
Check: Rd \usage sections
Result: NOTE
    No protocol specified
    No protocol specified
    The \usage entries for S3 methods should use the \method markup and not
    their full name.
    See chapter ‘Writing R documentation files’ in the ‘Writing R
    Extensions’ manual.
Flavors: r-release-osx-x86_64, r-oldrel-osx-x86_64