Last updated on 2019-10-31 00:50:59 CET.
Flavor | Version | Tinstall | Tcheck | Ttotal | Status | Flags |
---|---|---|---|---|---|---|
r-devel-linux-x86_64-debian-clang | 1.3.0 | 8.23 | 52.88 | 61.11 | NOTE | |
r-devel-linux-x86_64-debian-gcc | 1.3.0 | 5.94 | 40.35 | 46.29 | NOTE | |
r-devel-linux-x86_64-fedora-clang | 1.3.0 | 73.24 | NOTE | |||
r-devel-linux-x86_64-fedora-gcc | 1.3.0 | 71.55 | NOTE | |||
r-devel-windows-ix86+x86_64 | 1.3.0 | 36.00 | 68.00 | 104.00 | NOTE | |
r-patched-linux-x86_64 | 1.3.0 | 7.37 | 49.49 | 56.86 | NOTE | |
r-patched-solaris-x86 | 1.3.0 | 98.90 | NOTE | |||
r-release-linux-x86_64 | 1.3.0 | 7.58 | 49.62 | 57.20 | NOTE | |
r-release-windows-ix86+x86_64 | 1.3.0 | 21.00 | 73.00 | 94.00 | NOTE | |
r-release-osx-x86_64 | 1.3.0 | NOTE | ||||
r-oldrel-windows-ix86+x86_64 | 1.3.0 | 12.00 | 103.00 | 115.00 | NOTE | |
r-oldrel-osx-x86_64 | 1.3.0 | OK |
Version: 1.3.0
Check: R code for possible problems
Result: NOTE
mp_corpus: no visible binding for global variable 'annotations'
print.ManifestoAvailability: no visible binding for global variable
'annotations'
Undefined global functions or variables:
annotations
Flavors: r-devel-linux-x86_64-debian-clang, r-devel-linux-x86_64-debian-gcc, r-devel-linux-x86_64-fedora-clang, r-devel-linux-x86_64-fedora-gcc, r-devel-windows-ix86+x86_64, r-patched-linux-x86_64, r-patched-solaris-x86, r-release-linux-x86_64, r-release-windows-ix86+x86_64, r-release-osx-x86_64, r-oldrel-windows-ix86+x86_64