Last updated on 2019-10-31 00:50:59 CET.
Flavor | Version | Tinstall | Tcheck | Ttotal | Status | Flags |
---|---|---|---|---|---|---|
r-devel-linux-x86_64-debian-clang | 0.3.1 | 35.56 | 40.15 | 75.71 | OK | |
r-devel-linux-x86_64-debian-gcc | 0.3.1 | 19.68 | 31.73 | 51.41 | OK | |
r-devel-linux-x86_64-fedora-clang | 0.3.1 | 97.44 | NOTE | |||
r-devel-linux-x86_64-fedora-gcc | 0.3.1 | 89.35 | NOTE | |||
r-devel-windows-ix86+x86_64 | 0.3.1 | 81.00 | 65.00 | 146.00 | OK | |
r-patched-linux-x86_64 | 0.3.1 | 24.71 | 39.20 | 63.91 | OK | |
r-patched-solaris-x86 | 0.3.1 | 103.60 | OK | |||
r-release-linux-x86_64 | 0.3.1 | 25.55 | 39.12 | 64.67 | OK | |
r-release-windows-ix86+x86_64 | 0.3.1 | 70.00 | 69.00 | 139.00 | OK | |
r-release-osx-x86_64 | 0.3.1 | OK | ||||
r-oldrel-windows-ix86+x86_64 | 0.3.1 | 52.00 | 95.00 | 147.00 | OK | |
r-oldrel-osx-x86_64 | 0.3.1 | OK |
Version: 0.3.1
Check: compiled code
Result: NOTE
File ‘mateable/libs/mateable.so’:
Found no calls to: ‘R_registerRoutines’, ‘R_useDynamicSymbols’
It is good practice to register native routines and to disable symbol
search.
See ‘Writing portable packages’ in the ‘Writing R Extensions’ manual.
Flavors: r-devel-linux-x86_64-fedora-clang, r-devel-linux-x86_64-fedora-gcc