Last updated on 2019-10-31 00:50:59 CET.
Flavor | Version | Tinstall | Tcheck | Ttotal | Status | Flags |
---|---|---|---|---|---|---|
r-devel-linux-x86_64-debian-clang | 0.4.10 | 4.96 | 54.35 | 59.31 | OK | |
r-devel-linux-x86_64-debian-gcc | 0.4.10 | 4.11 | 42.24 | 46.35 | OK | |
r-devel-linux-x86_64-fedora-clang | 0.4.10 | 71.59 | NOTE | |||
r-devel-linux-x86_64-fedora-gcc | 0.4.10 | 71.58 | NOTE | |||
r-devel-windows-ix86+x86_64 | 0.4.10 | 13.00 | 74.00 | 87.00 | OK | |
r-patched-linux-x86_64 | 0.4.10 | 3.51 | 53.57 | 57.08 | OK | |
r-patched-solaris-x86 | 0.4.10 | 94.30 | NOTE | |||
r-release-linux-x86_64 | 0.4.10 | 4.08 | 53.53 | 57.61 | OK | |
r-release-windows-ix86+x86_64 | 0.4.10 | 11.00 | 75.00 | 86.00 | OK | |
r-release-osx-x86_64 | 0.4.10 | NOTE | ||||
r-oldrel-windows-ix86+x86_64 | 0.4.10 | 5.00 | 92.00 | 97.00 | OK | |
r-oldrel-osx-x86_64 | 0.4.10 | NOTE |
Version: 0.4.10
Check: dependencies in R code
Result: NOTE
Namespace in Imports field not imported from: ‘dplyr’
All declared Imports should be used.
Flavors: r-devel-linux-x86_64-fedora-clang, r-devel-linux-x86_64-fedora-gcc, r-patched-solaris-x86, r-release-osx-x86_64, r-oldrel-osx-x86_64