CRAN Package Check Results for Package mdsr

Last updated on 2019-10-31 00:50:59 CET.

Flavor Version Tinstall Tcheck Ttotal Status Flags
r-devel-linux-x86_64-debian-clang 0.1.7 18.07 100.64 118.71 OK
r-devel-linux-x86_64-debian-gcc 0.1.7 17.36 78.96 96.32 OK
r-devel-linux-x86_64-fedora-clang 0.1.7 143.92 NOTE
r-devel-linux-x86_64-fedora-gcc 0.1.7 146.26 NOTE
r-devel-windows-ix86+x86_64 0.1.7 56.00 104.00 160.00 NOTE
r-patched-linux-x86_64 0.1.7 17.01 94.72 111.73 OK
r-patched-solaris-x86 0.1.7 225.80 NOTE
r-release-linux-x86_64 0.1.7 16.82 94.83 111.65 OK
r-release-windows-ix86+x86_64 0.1.7 52.00 104.00 156.00 NOTE
r-release-osx-x86_64 0.1.7 NOTE
r-oldrel-windows-ix86+x86_64 0.1.7 37.00 167.00 204.00 NOTE
r-oldrel-osx-x86_64 0.1.7 NOTE

Check Details

Version: 0.1.7
Check: installed package size
Result: NOTE
     installed size is 5.5Mb
     sub-directories of 1Mb or more:
     data 5.4Mb
Flavors: r-devel-linux-x86_64-fedora-clang, r-devel-windows-ix86+x86_64, r-patched-solaris-x86, r-release-windows-ix86+x86_64, r-release-osx-x86_64, r-oldrel-windows-ix86+x86_64, r-oldrel-osx-x86_64

Version: 0.1.7
Check: data for non-ASCII characters
Result: NOTE
     Note: found 2694 marked UTF-8 strings
Flavors: r-devel-linux-x86_64-fedora-clang, r-devel-linux-x86_64-fedora-gcc, r-patched-solaris-x86, r-release-osx-x86_64, r-oldrel-osx-x86_64