Last updated on 2019-10-31 00:50:59 CET.
Flavor | Version | Tinstall | Tcheck | Ttotal | Status | Flags |
---|---|---|---|---|---|---|
r-devel-linux-x86_64-debian-clang | 0.5.0 | 12.90 | 765.15 | 778.05 | OK | |
r-devel-linux-x86_64-debian-gcc | 0.5.0 | 11.10 | 559.21 | 570.31 | OK | |
r-devel-linux-x86_64-fedora-clang | 0.5.0 | 908.75 | OK | |||
r-devel-linux-x86_64-fedora-gcc | 0.5.0 | 912.96 | OK | |||
r-devel-windows-ix86+x86_64 | 0.5.0 | 49.00 | 498.00 | 547.00 | OK | --no-vignettes |
r-patched-linux-x86_64 | 0.5.0 | 12.52 | 731.42 | 743.94 | OK | |
r-patched-solaris-x86 | 0.5.0 | 1615.90 | OK | |||
r-release-linux-x86_64 | 0.5.0 | 12.05 | 712.18 | 724.23 | NOTE | |
r-release-windows-ix86+x86_64 | 0.5.0 | 36.00 | 505.00 | 541.00 | OK | --no-vignettes |
r-release-osx-x86_64 | 0.5.0 | OK | ||||
r-oldrel-windows-ix86+x86_64 | 0.5.0 | 13.00 | 389.00 | 402.00 | OK | --no-vignettes |
r-oldrel-osx-x86_64 | 0.5.0 | OK |
Version: 0.5.0
Check: package dependencies
Result: NOTE
Package suggested but not available for checking: ‘rstanarm’
Flavor: r-release-linux-x86_64