Last updated on 2019-10-31 00:50:59 CET.
Flavor | Version | Tinstall | Tcheck | Ttotal | Status | Flags |
---|---|---|---|---|---|---|
r-devel-linux-x86_64-debian-clang | 4.9-7 | 35.33 | 158.89 | 194.22 | OK | |
r-devel-linux-x86_64-debian-gcc | 4.9-7 | 26.83 | 119.66 | 146.49 | OK | |
r-devel-linux-x86_64-fedora-clang | 4.9-7 | 225.55 | NOTE | |||
r-devel-linux-x86_64-fedora-gcc | 4.9-7 | 226.63 | NOTE | |||
r-devel-windows-ix86+x86_64 | 4.9-7 | 55.00 | 145.00 | 200.00 | OK | |
r-patched-linux-x86_64 | 4.9-7 | 30.87 | 152.90 | 183.77 | OK | |
r-patched-solaris-x86 | 4.9-7 | 282.70 | NOTE | |||
r-release-linux-x86_64 | 4.9-7 | 30.55 | 154.29 | 184.84 | OK | |
r-release-windows-ix86+x86_64 | 4.9-7 | 54.00 | 154.00 | 208.00 | OK | |
r-release-osx-x86_64 | 4.9-7 | NOTE | ||||
r-oldrel-windows-ix86+x86_64 | 4.9-7 | 30.00 | 199.00 | 229.00 | OK | |
r-oldrel-osx-x86_64 | 4.9-7 | NOTE |
Version: 4.9-7
Check: dependencies in R code
Result: NOTE
Namespace in Imports field not imported from: ‘lme4’
All declared Imports should be used.
Flavors: r-devel-linux-x86_64-fedora-clang, r-devel-linux-x86_64-fedora-gcc, r-patched-solaris-x86, r-release-osx-x86_64, r-oldrel-osx-x86_64