Last updated on 2019-10-31 00:50:59 CET.
Flavor | Version | Tinstall | Tcheck | Ttotal | Status | Flags |
---|---|---|---|---|---|---|
r-devel-linux-x86_64-debian-clang | 0.3.3 | 25.89 | 102.09 | 127.98 | OK | |
r-devel-linux-x86_64-debian-gcc | 0.3.3 | 20.01 | 76.73 | 96.74 | OK | |
r-devel-linux-x86_64-fedora-clang | 0.3.3 | 161.04 | NOTE | |||
r-devel-linux-x86_64-fedora-gcc | 0.3.3 | 157.52 | NOTE | |||
r-devel-windows-ix86+x86_64 | 0.3.3 | 76.00 | 228.00 | 304.00 | OK | |
r-patched-linux-x86_64 | 0.3.3 | 20.53 | 96.99 | 117.52 | OK | |
r-patched-solaris-x86 | 0.3.3 | 184.60 | NOTE | |||
r-release-linux-x86_64 | 0.3.3 | 22.01 | 96.69 | 118.70 | OK | |
r-release-windows-ix86+x86_64 | 0.3.3 | 63.00 | 223.00 | 286.00 | OK | |
r-release-osx-x86_64 | 0.3.3 | NOTE | ||||
r-oldrel-windows-ix86+x86_64 | 0.3.3 | 66.00 | 229.00 | 295.00 | OK | |
r-oldrel-osx-x86_64 | 0.3.3 | NOTE |
Version: 0.3.3
Check: dependencies in R code
Result: NOTE
Namespaces in Imports field not imported from:
‘ggrepel’ ‘reshape’ ‘svglite’
All declared Imports should be used.
Flavors: r-devel-linux-x86_64-fedora-clang, r-devel-linux-x86_64-fedora-gcc, r-patched-solaris-x86, r-release-osx-x86_64, r-oldrel-osx-x86_64